5) - (-49740)/125?
9
Let q(r) = r**3 - 8*r**2 + 6*r + 17. Let v be q(7). Let h = 25 - v. What is the tens digit of h?
1
Let y(b) = -29*b - 3. Let p be y(5). Let j = p - -217. What is the units digit of j?
9
Let n(v) = 3*v - 1. Suppose 3*z = 4*x - 7*x + 75, 3*x - 105 = 3*z. Let a be (-37)/(-5) + (-12)/x. What is the units digit of n(a)?
0
Let y = -107 + 74. What is the units digit of ((-3)/(-1))/((-3)/y)?
3
Let l(c) be the third derivative of c**5/30 + 3*c**4/8 + c**3/3 + 4*c**2. What is the tens digit of l(-7)?
3
Suppose -6*t = t - 1554. Suppose -h - 3*p + t = 0, -h + 0*h + 4*p = -187. What is the tens digit of h?
0
Suppose -4*j - 100 = -4*h, h - 4*j = 38 + 2. Suppose -3*s + 1 = 34. Let o = h + s. What is the units digit of o?
9
Suppose -5*c + j = -3250, -c = 2*c + 5*j - 1978. What is the units digit of c?
1
Let r be -39*18/27*3/(-2). Suppose r + 11 = j. What is the tens digit of j?
5
Suppose j + v = 825, 3*j + 2*v - 828 = 2*j. What is the hundreds digit of j?
8
Suppose 6*i = -i + 7. What is the tens digit of 10*(-33)/(-6) - (i - 1)?
5
Let c = 121 + -61. Let p = -13 + c. What is the units digit of p?
7
Let k = -1197 + 1445. What is the units digit of k?
8
Let w(p) = p**3 + 3. Let s be w(-2). What is the tens digit of (-6)/(((-30)/(-28))/s)?
2
Suppose -13*k = 19*k - 15008. What is the tens digit of k?
6
Let a = 32 + -32. Suppose a = 2*c - 5*c + 345. What is the units digit of c?
5
Let z(a) = a + 1. Let f(o) = 4*o - 3. Let v(d) = f(d) - 3*z(d). Let c be v(8). Suppose 0 = c*w + w - 27. What is the units digit of w?
9
Suppose -3*m + 0 = -c + 5, 2*c - 10 = m. Let y(g) = -g**2 + 2*g + 5. What is the units digit of y(m)?
5
Let p(y) = -2*y**3 + 3*y**2 + 5*y + 13. Let m(a) = -a**3 - a**2 - a. Let z(i) = 3*m(i) - p(i). What is the tens digit of z(-7)?
9
Let z(p) = -p - 1. Let c be z(-7). Let r(o) = -2*o - 2*o + c*o - 5 - 1. What is the tens digit of r(9)?
1
Suppose -2*t - 47 = -3*l, t = -4 + 9. Suppose -5*a + l = -326. What is the units digit of a?
9
Let o(q) = q + 10. Let a(d) = d**2 - 6. Let g be a(3). What is the units digit of o(g)?
3
Let m(i) = 10*i**2 - 3*i - 9. Let q be m(4). Suppose -3*l + q = 4*t, -2*t - t - 55 = -l. What is the tens digit of l?
4
Suppose -m = -5*g - 47, 2*g + 4*m = -3*g - 62. Let n(s) = 5*s + 57. Let j(z) = 4*z + 38. Let f(l) = -8*j(l) + 5*n(l). What is the tens digit of f(g)?
5
Let d be (-110)/(-44)*1*8. What is the units digit of (-2)/(-5) + 5432/d?
2
Let o(w) = 2*w + 2230. Let a be o(0). Suppose -487 = 7*l - a. What is the tens digit of l?
4
Let m = -164 - -284. Suppose z + 2*z = m. Let x = z + -25. What is the tens digit of x?
1
Suppose -8382 + 32262 = 12*x. What is the tens digit of x?
9
Suppose 9*r = 85 - 58. Let c be (-2)/4*4*-1. Suppose 4 + c = r*m. What is the units digit of m?
2
Suppose 3*h + 4*r - 257 = 0, 510 - 103 = 5*h - 4*r. What is the units digit of h?
3
Let b be (-16)/(-4)*(-3 + 4). What is the units digit of 6*(-66)/(-9) - b?
0
Let h(u) = -u - 7. Let d be h(-4). What is the tens digit of (-51)/((-4)/(-8)*d)?
3
Let z be (-12)/(-18) + (-2)/3. Suppose z = 2*o + 3 + 3, 2*o = k - 174. What is the units digit of ((-8)/(-6))/(8/k)?
8
Suppose -5 = -4*d + 3. Suppose 51 = g + d*g. Suppose l = -0*l + g. What is the units digit of l?
7
Suppose 16 = -f - 0*f + 5*m, -3*m = 2*f - 20. Suppose -f*d - 3*i + 462 = 0, -121 = d - 2*d + 2*i. Suppose 5*l - 78 = d. What is the units digit of l?
9
Let v(n) = n**2 + 25*n - 60. What is the units digit of v(20)?
0
Let x(o) = 48*o**3 - 8*o**2 - 8*o + 92. What is the thousands digit of x(5)?
5
Suppose -2*a + 10*g + 248 = 6*g, 0 = -2*a - 5*g + 248. What is the tens digit of a?
2
Suppose -4 = -3*w + 53. Let u = 46 - w. What is the units digit of u?
7
Let h = 105 + 42. What is the hundreds digit of h?
1
Suppose 6*p - 2622 = p - 3*j, 4*j + 529 = p. What is the hundreds digit of p?
5
Suppose 0*p + 41 = 3*p + 4*s, 4 = 2*s. Suppose -2*h = i + 9, -4*i - 21 = 3*h - i. Let w = h + p. What is the units digit of w?
9
Suppose 5*g = -3*t - 3695, 0*g = 3*t - 2*g + 3709. Let h be 6/21 + t/35. Let f = h - -102. What is the tens digit of f?
6
Let p = 41 - 38. Suppose -2*z + 106 = -p*b, -2*z + 47 = 5*b - 43. What is the tens digit of z?
5
Let k = 1 - -11. Let t(v) = k*v - 4 + 6 - 2*v**2 + v**2. What is the tens digit of t(10)?
2
Suppose -5*g + 2*g = -30. Suppose 0 = 2*h + 3*h - g. What is the units digit of 2 + h + 0 + -1?
3
Let h be (2/(-4))/(1/(-4)). Suppose 0 = -4*d - h*u + 426, 4*d - 2*u = 9 + 397. Suppose 128 = 4*r + k, -8*r + 4*r + 5*k = -d. What is the tens digit of r?
3
Let a = 14 - 2. Suppose -15*f + a = -12*f. Suppose 5*t + f*r - 146 = 93, -5*r + 31 = t. What is the tens digit of t?
5
Suppose 1036 = -12*k - 1676. Let p = 468 + k. What is the tens digit of p?
4
Suppose 0 = -82*s + 80*s + 4. Suppose -s*z + 218 = -z. What is the units digit of z?
8
Let c(a) = 30*a**2 - a. Let o be ((-24)/10)/(3/10). Let j be 3 + 0 + o/4. What is the units digit of c(j)?
9
Let j(b) = b**2 + 4*b - 8. Let t be (-1)/(2/(9 + 3)). Let f be j(t). Suppose 3*i = f + 2. What is the units digit of i?
2
Let q(c) = -3*c + 40. Let l(t) = -16*t + 201. Let o(f) = -2*l(f) + 11*q(f). What is the units digit of o(6)?
2
Suppose 0 = -5*a + 3*s + 19245, 24 - 4 = 4*s. What is the hundreds digit of a?
8
Let u(s) = 32*s**2 - 4*s + 5. What is the units digit of u(4)?
1
What is the hundreds digit of 18/(-39) + (-31881)/(-39)?
8
Let q(v) = 30*v + 12. Let u be q(9). Suppose -7*f + u + 159 = 0. What is the units digit of f?
3
Let r(s) = s**3 + 21*s**2 + 19*s - 22. Let x be r(-20). Let f = 143 + x. What is the tens digit of f?
4
Let z be (-1 - 3)*1 + -392. What is the units digit of 3*1*z/(-27)?
4
Let j be (-1)/(-5) + 196/70. Suppose -i = -j*i + 88. What is the units digit of i?
4
Suppose -4*r = 5*f - 2170, r = 4*f - 670 - 1087. What is the units digit of f?
8
What is the hundreds digit of (-15126)/(-21) + 4 + 180/(-42)?
7
Let m = -381 - -156. Let o = m - -472. What is the hundreds digit of o?
2
Let q = 361 - -1751. What is the hundreds digit of q?
1
Let l = -29 - -17. Let i(z) = z**3 + 13*z**2 + 7*z - 15. What is the tens digit of i(l)?
4
Let u = 305 + -121. What is the units digit of u?
4
Suppose 3*c + 227 - 209 = 0. Let j = -12 + 25. Let o = c + j. What is the units digit of o?
7
Let o = -4 + 4. Suppose o = 37*k - 39*k + 338. What is the units digit of k?
9
Let i = -36 - -38. Suppose -i*r + 2*g = -26, r + 4*r = g + 65. What is the tens digit of r?
1
Let z(h) be the third derivative of -4*h**4/3 - 10*h**3/3 + 18*h**2. What is the tens digit of z(-4)?
0
Let t = -83 + 58. Suppose x - 2*c = -23, -3*x - 77 = x - 5*c. Let b = x - t. What is the units digit of b?
2
Let s be 9/9 + 13/(26/(-36)). Let y(v) be the first derivative of v**4/4 + 16*v**3/3 - 9*v**2 + 10*v - 2. What is the units digit of y(s)?
7
Let v(g) = 2*g - 2. Let n be v(2). Let p be 2874/(-45) + n/(-15). What is the tens digit of p/(-6)*(-3)/(-2)?
1
What is the tens digit of (640/6)/(-4)*-21 + 5?
6
Suppose 4*f - 5730 = 3*p, 455 = -5*f + 5*p + 7620. What is the hundreds digit of f?
4
Let f(u) = u + 41. Let d = 23 - 47. What is the tens digit of f(d)?
1
Suppose -68*a + 63*a + 10895 = 0. What is the hundreds digit of a?
1
Suppose 13*c + 11*c - 77136 = 0. What is the units digit of c?
4
Suppose 3*o - 39 = 3*w + 2*w, 12 = -4*w. Suppose 5 + 3 = 4*z - 5*s, 4*z = 3*s + o. What is the units digit of 1*0/z - -31?
1
Let q(k) = -1195*k**3 + k**2 + 9*k + 9. What is the tens digit of q(-1)?
9
Let p(x) = 2352*x**2 - 9*x - 5. What is the thousands digit of p(-1)?
2
Let u(d) = 85*d + 5. Let a(f) = 171*f + 11. Let o(j) = -2*a(j) + 5*u(j). What is the units digit of o(2)?
9
Let l = 60 + -22. Suppose 34*r + 500 = l*r. What is the tens digit of r?
2
Let m be (-1)/(-2) + (-10)/(-4). Suppose -m*s + 938 = 5*r, 4*r - 3*r + 2*s - 189 = 0. What is the hundreds digit of r?
1
Let b(m) = 3*m**2 - 15*m - 37. What is the units digit of b(32)?
5
Suppose 5*i + 8*i = 7397. What is the tens digit of i?
6
Let j = 12 - 7. Suppose -j*k = -4*k + 2. What is the tens digit of -2 - (-1 - k - 13)?
1
Suppose d = 5*o - 31, 3*d = -2*o + 4*o - 2. Suppose -282 = -o*q + 47. What is the tens digit of q?
4
Suppose -2*d + 3*b = -54, -2*d + 2*b = 2*d - 100. Suppose -912 = -d*j + 5*j. What is the tens digit of j?
4
Suppose 3*l + 2*v = 